[INFO] cloning repository https://github.com/giodamelio/rust-piston-games
[INFO] running `Command { std: "git" "-c" "credential.helper=" "-c" "credential.helper=/workspace/cargo-home/bin/git-credential-null" "clone" "--bare" "https://github.com/giodamelio/rust-piston-games" "/workspace/cache/git-repos/https%3A%2F%2Fgithub.com%2Fgiodamelio%2Frust-piston-games", kill_on_drop: false }`
[INFO] [stderr] Cloning into bare repository '/workspace/cache/git-repos/https%3A%2F%2Fgithub.com%2Fgiodamelio%2Frust-piston-games'...
[INFO] running `Command { std: "git" "rev-parse" "HEAD", kill_on_drop: false }`
[INFO] [stdout] a75fcc30079c0949a9597d4ce5e958dc8d232ddf
[INFO] building giodamelio/rust-piston-games against master#881c1ac408d93bb7adaa3a51dabab9266e82eee8 for issue-85264
[INFO] running `Command { std: "git" "clone" "/workspace/cache/git-repos/https%3A%2F%2Fgithub.com%2Fgiodamelio%2Frust-piston-games" "/workspace/builds/worker-11/source", kill_on_drop: false }`
[INFO] [stderr] Cloning into '/workspace/builds/worker-11/source'...
[INFO] [stderr] done.
[INFO] validating manifest of git repo https://github.com/giodamelio/rust-piston-games on toolchain 881c1ac408d93bb7adaa3a51dabab9266e82eee8
[INFO] running `Command { std: "/workspace/cargo-home/bin/cargo" "+881c1ac408d93bb7adaa3a51dabab9266e82eee8" "metadata" "--manifest-path" "Cargo.toml" "--no-deps", kill_on_drop: false }`
[INFO] started tweaking git repo https://github.com/giodamelio/rust-piston-games
[INFO] finished tweaking git repo https://github.com/giodamelio/rust-piston-games
[INFO] tweaked toml for git repo https://github.com/giodamelio/rust-piston-games written to /workspace/builds/worker-11/source/Cargo.toml
[INFO] crate git repo https://github.com/giodamelio/rust-piston-games already has a lockfile, it will not be regenerated
[INFO] running `Command { std: "/workspace/cargo-home/bin/cargo" "+881c1ac408d93bb7adaa3a51dabab9266e82eee8" "fetch" "--manifest-path" "Cargo.toml", kill_on_drop: false }`
[INFO] [stderr]  Downloading crates ...
[INFO] [stderr]   Downloaded dylib v0.0.1
[INFO] [stderr]   Downloaded num v0.1.25
[INFO] [stderr]   Downloaded gdi32-sys v0.1.1
[INFO] [stderr]   Downloaded read_color v0.1.0
[INFO] [stderr]   Downloaded enum_primitive v0.0.1
[INFO] [stderr]   Downloaded freetype-sys v0.1.2
[INFO] [stderr]   Downloaded glob v0.2.10
[INFO] [stderr]   Downloaded android_glue v0.0.2
[INFO] [stderr]   Downloaded xml-rs v0.1.25
[INFO] [stderr]   Downloaded rustc-serialize v0.3.15
[INFO] [stderr]   Downloaded shared_library v0.1.0
[INFO] [stderr]   Downloaded image v0.3.11
[INFO] [stderr]   Downloaded piston-shaders_graphics2d v0.1.0
[INFO] [stderr]   Downloaded vecmath v0.1.0
[INFO] [stderr]   Downloaded clock_ticks v0.0.5
[INFO] [stderr]   Downloaded gl v0.0.12
[INFO] [stderr]   Downloaded kernel32-sys v0.1.0
[INFO] [stderr]   Downloaded byteorder v0.3.10
[INFO] [stderr]   Downloaded pkg-config v0.3.4
[INFO] [stderr]   Downloaded gl_generator v0.0.26
[INFO] [stderr]   Downloaded wayland-kbd v0.1.1
[INFO] [stderr]   Downloaded bitflags v0.2.1
[INFO] [stderr]   Downloaded glutin_core_foundation v0.1.2
[INFO] [stderr]   Downloaded pistoncore-event v0.2.0
[INFO] [stderr]   Downloaded draw_state v0.1.1
[INFO] [stderr]   Downloaded glutin_core_graphics v0.1.4
[INFO] [stderr]   Downloaded piston-viewport v0.1.0
[INFO] [stderr]   Downloaded piston-texture v0.1.0
[INFO] [stderr]   Downloaded pistoncore-event_loop v0.2.0
[INFO] [stderr]   Downloaded piston2d-graphics v0.1.4
[INFO] [stderr]   Downloaded freetype-rs v0.1.0
[INFO] [stderr]   Downloaded rand v0.3.8
[INFO] [stderr]   Downloaded piston v0.2.0
[INFO] [stderr]   Downloaded piston2d-opengl_graphics v0.1.0
[INFO] [stderr]   Downloaded interpolation v0.1.0
[INFO] [stderr]   Downloaded winapi-build v0.1.0
[INFO] [stderr]   Downloaded pistoncore-window v0.1.4
[INFO] [stderr]   Downloaded piston-float v0.1.0
[INFO] [stderr]   Downloaded x11-dl v1.0.1
[INFO] [stderr]   Downloaded libz-sys v0.1.3
[INFO] [stderr]   Downloaded pistoncore-glutin_window v0.2.0
[INFO] [stderr]   Downloaded libc v0.1.8
[INFO] [stderr]   Downloaded pistoncore-input v0.1.0
[INFO] [stderr]   Downloaded malloc_buf v0.0.5
[INFO] [stderr]   Downloaded osmesa-sys v0.0.5
[INFO] [stderr]   Downloaded objc v0.1.5
[INFO] [stderr]   Downloaded shader_version v0.1.0
[INFO] [stderr]   Downloaded gl_common v0.0.4
[INFO] [stderr]   Downloaded tempdir v0.3.4
[INFO] [stderr]   Downloaded khronos_api v0.0.5
[INFO] [stderr]   Downloaded lazy_static v0.1.11
[INFO] [stderr]   Downloaded mmap v0.1.1
[INFO] [stderr]   Downloaded log v0.3.1
[INFO] [stderr]   Downloaded bitflags v0.1.1
[INFO] [stderr]   Downloaded user32-sys v0.1.1
[INFO] [stderr]   Downloaded glutin_cocoa v0.1.6
[INFO] [stderr]   Downloaded glutin v0.1.6
[INFO] [stderr]   Downloaded winapi v0.1.20
[INFO] [stderr]   Downloaded wayland-client v0.1.8
[INFO] running `Command { std: "docker" "create" "-v" "/var/lib/crater-agent-workspace/builds/worker-11/target:/opt/rustwide/target:rw,Z" "-v" "/var/lib/crater-agent-workspace/builds/worker-11/source:/opt/rustwide/workdir:ro,Z" "-v" "/var/lib/crater-agent-workspace/cargo-home:/opt/rustwide/cargo-home:ro,Z" "-v" "/var/lib/crater-agent-workspace/rustup-home:/opt/rustwide/rustup-home:ro,Z" "-e" "SOURCE_DIR=/opt/rustwide/workdir" "-e" "CARGO_TARGET_DIR=/opt/rustwide/target" "-e" "CARGO_HOME=/opt/rustwide/cargo-home" "-e" "RUSTUP_HOME=/opt/rustwide/rustup-home" "-w" "/opt/rustwide/workdir" "-m" "1610612736" "--user" "0:0" "--network" "none" "ghcr.io/rust-lang/crates-build-env/linux@sha256:20528e8c29e4536546f0102ce88568b16ea7538393a33fcca951030f7af10457" "/opt/rustwide/cargo-home/bin/cargo" "+881c1ac408d93bb7adaa3a51dabab9266e82eee8" "metadata" "--no-deps" "--format-version=1", kill_on_drop: false }`
[INFO] [stdout] 0e04dbf07eae6cbdc00746ccd38073776ed13c822b94833825bb7d8d748759f0
[INFO] [stderr] WARNING: Your kernel does not support swap limit capabilities or the cgroup is not mounted. Memory limited without swap.
[INFO] running `Command { std: "docker" "start" "-a" "0e04dbf07eae6cbdc00746ccd38073776ed13c822b94833825bb7d8d748759f0", kill_on_drop: false }`
[INFO] running `Command { std: "docker" "inspect" "0e04dbf07eae6cbdc00746ccd38073776ed13c822b94833825bb7d8d748759f0", kill_on_drop: false }`
[INFO] running `Command { std: "docker" "rm" "-f" "0e04dbf07eae6cbdc00746ccd38073776ed13c822b94833825bb7d8d748759f0", kill_on_drop: false }`
[INFO] [stdout] 0e04dbf07eae6cbdc00746ccd38073776ed13c822b94833825bb7d8d748759f0
[INFO] running `Command { std: "docker" "create" "-v" "/var/lib/crater-agent-workspace/builds/worker-11/target:/opt/rustwide/target:rw,Z" "-v" "/var/lib/crater-agent-workspace/builds/worker-11/source:/opt/rustwide/workdir:ro,Z" "-v" "/var/lib/crater-agent-workspace/cargo-home:/opt/rustwide/cargo-home:ro,Z" "-v" "/var/lib/crater-agent-workspace/rustup-home:/opt/rustwide/rustup-home:ro,Z" "-e" "SOURCE_DIR=/opt/rustwide/workdir" "-e" "CARGO_TARGET_DIR=/opt/rustwide/target" "-e" "CARGO_INCREMENTAL=0" "-e" "RUST_BACKTRACE=full" "-e" "RUSTFLAGS=--cap-lints=forbid" "-e" "CARGO_HOME=/opt/rustwide/cargo-home" "-e" "RUSTUP_HOME=/opt/rustwide/rustup-home" "-w" "/opt/rustwide/workdir" "-m" "1610612736" "--user" "0:0" "--network" "none" "ghcr.io/rust-lang/crates-build-env/linux@sha256:20528e8c29e4536546f0102ce88568b16ea7538393a33fcca951030f7af10457" "/opt/rustwide/cargo-home/bin/cargo" "+881c1ac408d93bb7adaa3a51dabab9266e82eee8" "build" "--frozen" "--message-format=json", kill_on_drop: false }`
[INFO] [stdout] a4eede63890587c10f89b185dd799264d16380e9c75594fffadc2ffe953c1d6e
[INFO] [stderr] WARNING: Your kernel does not support swap limit capabilities or the cgroup is not mounted. Memory limited without swap.
[INFO] running `Command { std: "docker" "start" "-a" "a4eede63890587c10f89b185dd799264d16380e9c75594fffadc2ffe953c1d6e", kill_on_drop: false }`
[INFO] [stderr]    Compiling libc v0.1.8
[INFO] [stderr]    Compiling bitflags v0.2.1
[INFO] [stderr]    Compiling rustc-serialize v0.3.15
[INFO] [stderr]    Compiling khronos_api v0.0.5
[INFO] [stderr]    Compiling pkg-config v0.3.4
[INFO] [stderr]    Compiling piston-float v0.1.0
[INFO] [stderr]    Compiling shader_version v0.1.0
[INFO] [stderr]    Compiling lazy_static v0.1.11
[INFO] [stderr]    Compiling piston-texture v0.1.0
[INFO] [stderr]    Compiling read_color v0.1.0
[INFO] [stderr]    Compiling glob v0.2.10
[INFO] [stderr]    Compiling interpolation v0.1.0
[INFO] [stderr]    Compiling byteorder v0.3.10
[INFO] [stderr]    Compiling piston-shaders_graphics2d v0.1.0
[INFO] [stderr]    Compiling piston-viewport v0.1.0
[INFO] [stderr]    Compiling vecmath v0.1.0
[INFO] [stderr]    Compiling xml-rs v0.1.25
[INFO] [stderr]    Compiling draw_state v0.1.1
[INFO] [stderr]    Compiling rand v0.3.8
[INFO] [stderr]    Compiling log v0.3.1
[INFO] [stderr]    Compiling gl_common v0.0.4
[INFO] [stderr]    Compiling wayland-client v0.1.8
[INFO] [stderr]    Compiling clock_ticks v0.0.5
[INFO] [stderr]    Compiling dylib v0.0.1
[INFO] [stderr]    Compiling shared_library v0.1.0
[INFO] [stdout] error[E0277]: the size for values of type `Self` cannot be known at compilation time
[INFO] [stdout]   --> /opt/rustwide/cargo-home/registry/src/github.com-1ecc6299db9ec823/shader_version-0.1.0/src/lib.rs:37:50
[INFO] [stdout]    |
[INFO] [stdout] 14 | pub struct Shaders<'a, V, S: 'a + ?Sized>(BTreeMap<V, &'a S>);
[INFO] [stdout]    |                        - required by this bound in `Shaders`
[INFO] [stdout] ...
[INFO] [stdout] 37 |     fn pick_shader<'a, S: ?Sized>(self, shaders: &Shaders<'a, Self, S>) -> Option<&'a S>;
[INFO] [stdout]    |                                                  ^^^^^^^^^^^^^^^^^^^^^ doesn't have a size known at compile-time
[INFO] [stdout]    |
[INFO] [stdout] help: consider further restricting `Self`
[INFO] [stdout]    |
[INFO] [stdout] 37 |     fn pick_shader<'a, S: ?Sized>(self, shaders: &Shaders<'a, Self, S>) -> Option<&'a S> where Self: Sized;
[INFO] [stdout]    |                                                                                          ^^^^^^^^^^^^^^^^^
[INFO] [stdout] help: consider relaxing the implicit `Sized` restriction
[INFO] [stdout]    |
[INFO] [stdout] 14 | pub struct Shaders<'a, V: ?Sized, S: 'a + ?Sized>(BTreeMap<V, &'a S>);
[INFO] [stdout]    |                         ^^^^^^^^
[INFO] [stdout] 
[INFO] [stdout] 
[INFO] [stdout] error: aborting due to previous error
[INFO] [stdout] 
[INFO] [stdout] 
[INFO] [stdout] For more information about this error, try `rustc --explain E0277`.
[INFO] [stdout] 
[INFO] [stderr] error: could not compile `shader_version`
[INFO] [stderr] 
[INFO] [stderr] To learn more, run the command again with --verbose.
[INFO] [stderr] warning: build failed, waiting for other jobs to finish...
[INFO] [stdout] error[E0642]: patterns aren't allowed in functions without bodies
[INFO] [stdout]    --> /opt/rustwide/cargo-home/registry/src/github.com-1ecc6299db9ec823/rustc-serialize-0.3.15/src/serialize.rs:145:45
[INFO] [stdout]     |
[INFO] [stdout] 145 | ...                   &f_name: &str,
[INFO] [stdout]     |                       ^^^^^^^ pattern not allowed in function without body
[INFO] [stdout] 
[INFO] [stdout] 
[INFO] [stdout] error[E0517]: attribute should be applied to a struct, enum, or union
[INFO] [stdout]   --> /opt/rustwide/cargo-home/registry/src/github.com-1ecc6299db9ec823/wayland-client-0.1.8/src/ffi/abi.rs:45:8
[INFO] [stdout]    |
[INFO] [stdout] 45 |   #[repr(C)] pub type wl_dispatcher_func_t = extern fn(*const c_void, 
[INFO] [stdout]    |  ________^___-
[INFO] [stdout] 46 | |                                                      *mut c_void,
[INFO] [stdout] 47 | |                                                      uint32_t,
[INFO] [stdout] 48 | |                                                      *const wl_message,
[INFO] [stdout] 49 | |                                                      *mut wl_argument
[INFO] [stdout] 50 | |                                                     );
[INFO] [stdout]    | |______________________________________________________- not a struct, enum, or union
[INFO] [stdout] 
[INFO] [stdout] 
[INFO] [stdout] error[E0517]: attribute should be applied to a struct, enum, or union
[INFO] [stdout]   --> /opt/rustwide/cargo-home/registry/src/github.com-1ecc6299db9ec823/wayland-client-0.1.8/src/ffi/abi.rs:51:8
[INFO] [stdout]    |
[INFO] [stdout] 51 | #[repr(C)] pub type wl_log_func_t = extern fn(_: *const c_char, ...);
[INFO] [stdout]    |        ^   ---------------------------------------------------------- not a struct, enum, or union
[INFO] [stdout] 
[INFO] [stdout] 
[INFO] [stdout] error[E0517]: attribute should be applied to a struct, enum, or union
[INFO] [stdout]   --> /opt/rustwide/cargo-home/registry/src/github.com-1ecc6299db9ec823/wayland-client-0.1.8/src/ffi/abi.rs:53:8
[INFO] [stdout]    |
[INFO] [stdout] 53 | #[repr(C)] pub type wl_fixed_t = int32_t;
[INFO] [stdout]    |        ^   ------------------------------ not a struct, enum, or union
[INFO] [stdout] 
[INFO] [stdout] 
[INFO] [stdout] error[E0277]: the size for values of type `Self` cannot be known at compilation time
[INFO] [stdout]   --> /opt/rustwide/cargo-home/registry/src/github.com-1ecc6299db9ec823/xml-rs-0.1.25/src/util.rs:15:33
[INFO] [stdout]    |
[INFO] [stdout] 15 |     fn cloned_pairwise(self) -> ClonedPairwise<Self>;
[INFO] [stdout]    |                                 ^^^^^^^^^^^^^^^^^^^^ doesn't have a size known at compile-time
[INFO] [stdout] ...
[INFO] [stdout] 27 | pub struct ClonedPairwise<I>(I);
[INFO] [stdout]    |                           - required by this bound in `ClonedPairwise`
[INFO] [stdout]    |
[INFO] [stdout] help: you could relax the implicit `Sized` bound on `I` if it were used through indirection like `&I` or `Box<I>`
[INFO] [stdout]   --> /opt/rustwide/cargo-home/registry/src/github.com-1ecc6299db9ec823/xml-rs-0.1.25/src/util.rs:27:27
[INFO] [stdout]    |
[INFO] [stdout] 27 | pub struct ClonedPairwise<I>(I);
[INFO] [stdout]    |                           ^  - ...if indirection were used here: `Box<I>`
[INFO] [stdout]    |                           |
[INFO] [stdout]    |                           this could be changed to `I: ?Sized`...
[INFO] [stdout] help: consider further restricting `Self`
[INFO] [stdout]    |
[INFO] [stdout] 15 |     fn cloned_pairwise(self) -> ClonedPairwise<Self> where Self: Sized;
[INFO] [stdout]    |                                                      ^^^^^^^^^^^^^^^^^
[INFO] [stdout] 
[INFO] [stdout] 
[INFO] [stdout] error[E0277]: the size for values of type `Self` cannot be known at compilation time
[INFO] [stdout]   --> /opt/rustwide/cargo-home/registry/src/github.com-1ecc6299db9ec823/rand-0.3.8/src/distributions/range.rs:83:50
[INFO] [stdout]    |
[INFO] [stdout] 50 | pub struct Range<X> {
[INFO] [stdout]    |                  - required by this bound in `range::Range`
[INFO] [stdout] ...
[INFO] [stdout] 83 |     fn construct_range(low: Self, high: Self) -> Range<Self>;
[INFO] [stdout]    |                                                  ^^^^^^^^^^^ doesn't have a size known at compile-time
[INFO] [stdout]    |
[INFO] [stdout] help: you could relax the implicit `Sized` bound on `X` if it were used through indirection like `&X` or `Box<X>`
[INFO] [stdout]   --> /opt/rustwide/cargo-home/registry/src/github.com-1ecc6299db9ec823/rand-0.3.8/src/distributions/range.rs:50:18
[INFO] [stdout]    |
[INFO] [stdout] 50 | pub struct Range<X> {
[INFO] [stdout]    |                  ^ this could be changed to `X: ?Sized`...
[INFO] [stdout] 51 |     low: X,
[INFO] [stdout]    |          - ...if indirection were used here: `Box<X>`
[INFO] [stdout] 52 |     range: X,
[INFO] [stdout]    |            - ...if indirection were used here: `Box<X>`
[INFO] [stdout] 53 |     accept_zone: X
[INFO] [stdout]    |                  - ...if indirection were used here: `Box<X>`
[INFO] [stdout] help: consider further restricting `Self`
[INFO] [stdout]    |
[INFO] [stdout] 83 |     fn construct_range(low: Self, high: Self) -> Range<Self> where Self: Sized;
[INFO] [stdout]    |                                                              ^^^^^^^^^^^^^^^^^
[INFO] [stdout] 
[INFO] [stdout] 
[INFO] [stdout] error[E0277]: the size for values of type `Self` cannot be known at compilation time
[INFO] [stdout]   --> /opt/rustwide/cargo-home/registry/src/github.com-1ecc6299db9ec823/rand-0.3.8/src/distributions/range.rs:87:32
[INFO] [stdout]    |
[INFO] [stdout] 50 | pub struct Range<X> {
[INFO] [stdout]    |                  - required by this bound in `range::Range`
[INFO] [stdout] ...
[INFO] [stdout] 87 |     fn sample_range<R: Rng>(r: &Range<Self>, rng: &mut R) -> Self;
[INFO] [stdout]    |                                ^^^^^^^^^^^^ doesn't have a size known at compile-time
[INFO] [stdout]    |
[INFO] [stdout] help: you could relax the implicit `Sized` bound on `X` if it were used through indirection like `&X` or `Box<X>`
[INFO] [stdout]   --> /opt/rustwide/cargo-home/registry/src/github.com-1ecc6299db9ec823/rand-0.3.8/src/distributions/range.rs:50:18
[INFO] [stdout]    |
[INFO] [stdout] 50 | pub struct Range<X> {
[INFO] [stdout]    |                  ^ this could be changed to `X: ?Sized`...
[INFO] [stdout] 51 |     low: X,
[INFO] [stdout]    |          - ...if indirection were used here: `Box<X>`
[INFO] [stdout] 52 |     range: X,
[INFO] [stdout]    |            - ...if indirection were used here: `Box<X>`
[INFO] [stdout] 53 |     accept_zone: X
[INFO] [stdout]    |                  - ...if indirection were used here: `Box<X>`
[INFO] [stdout] help: consider further restricting `Self`
[INFO] [stdout]    |
[INFO] [stdout] 87 |     fn sample_range<R: Rng>(r: &Range<Self>, rng: &mut R) -> Self where Self: Sized;
[INFO] [stdout]    |                                                                   ^^^^^^^^^^^^^^^^^
[INFO] [stdout] 
[INFO] [stdout] 
[INFO] [stdout] error: aborting due to previous error
[INFO] [stdout] 
[INFO] [stdout] 
[INFO] [stdout] For more information about this error, try `rustc --explain E0277`.
[INFO] [stdout] 
[INFO] [stdout] error: aborting due to 2 previous errors
[INFO] [stdout] 
[INFO] [stdout] 
[INFO] [stdout] For more information about this error, try `rustc --explain E0277`.
[INFO] [stdout] 
[INFO] [stdout] error[E0277]: the size for values of type `Self` cannot be known at compilation time
[INFO] [stdout]    --> /opt/rustwide/cargo-home/registry/src/github.com-1ecc6299db9ec823/rustc-serialize-0.3.15/src/serialize.rs:201:41
[INFO] [stdout]     |
[INFO] [stdout] 201 |     fn decode<D: Decoder>(d: &mut D) -> Result<Self, D::Error>;
[INFO] [stdout]     |                                         ^^^^^^^^^^^^^^^^^^^^^^ doesn't have a size known at compile-time
[INFO] [stdout]     |
[INFO] [stdout] help: consider further restricting `Self`
[INFO] [stdout]     |
[INFO] [stdout] 201 |     fn decode<D: Decoder>(d: &mut D) -> Result<Self, D::Error> where Self: Sized;
[INFO] [stdout]     |                                                                ^^^^^^^^^^^^^^^^^
[INFO] [stdout] 
[INFO] [stdout] 
[INFO] [stdout] error: aborting due to 2 previous errors
[INFO] [stdout] 
[INFO] [stdout] 
[INFO] [stdout] Some errors have detailed explanations: E0277, E0642.
[INFO] [stdout] 
[INFO] [stdout] For more information about an error, try `rustc --explain E0277`.
[INFO] [stdout] 
[INFO] [stdout] error[E0277]: the size for values of type `Self` cannot be known at compilation time
[INFO] [stdout]    --> /opt/rustwide/cargo-home/registry/src/github.com-1ecc6299db9ec823/wayland-client-0.1.8/src/core/mod.rs:57:26
[INFO] [stdout]     |
[INFO] [stdout] 57  |     fn from(other: T) -> Option<Self>;
[INFO] [stdout]     |                          ^^^^^^^^^^^^ doesn't have a size known at compile-time
[INFO] [stdout]     |
[INFO] [stdout] help: consider further restricting `Self`
[INFO] [stdout]     |
[INFO] [stdout] 57  |     fn from(other: T) -> Option<Self> where Self: Sized;
[INFO] [stdout]     |                                       ^^^^^^^^^^^^^^^^^
[INFO] [stdout] 
[INFO] [stdout] 
[INFO] [stdout] error: aborting due to 4 previous errors
[INFO] [stdout] 
[INFO] [stdout] 
[INFO] [stdout] Some errors have detailed explanations: E0277, E0517.
[INFO] [stdout] 
[INFO] [stdout] For more information about an error, try `rustc --explain E0277`.
[INFO] [stdout] 
[INFO] [stderr] error: build failed
[INFO] running `Command { std: "docker" "inspect" "a4eede63890587c10f89b185dd799264d16380e9c75594fffadc2ffe953c1d6e", kill_on_drop: false }`
[INFO] running `Command { std: "docker" "rm" "-f" "a4eede63890587c10f89b185dd799264d16380e9c75594fffadc2ffe953c1d6e", kill_on_drop: false }`
[INFO] [stdout] a4eede63890587c10f89b185dd799264d16380e9c75594fffadc2ffe953c1d6e
